{"id":1979,"date":"2022-04-21T08:30:56","date_gmt":"2022-04-21T06:30:56","guid":{"rendered":"https:\/\/actio-catholica.hu\/?page_id=1979"},"modified":"2022-04-21T08:43:26","modified_gmt":"2022-04-21T06:43:26","slug":"impresszum","status":"publish","type":"page","link":"https:\/\/actio-catholica.hu\/index.php\/impresszum\/","title":{"rendered":"Impresszum"},"content":{"rendered":"<h1 style=\"text-align: center;\"><span style=\"font-size: 60px;\"><strong>Pro Missa Tridentina Alap\u00edtv\u00e1ny<\/strong><\/span><\/h1>\n<p style=\"text-align: center;\"><img loading=\"lazy\" decoding=\"async\" class=\"alignright size-medium wp-image-3714\" src=\"https:\/\/actio-catholica.hu\/wp-content\/uploads\/2022\/04\/H-12cmBSZM-trasparent-88x300.png\" alt=\"\" width=\"88\" height=\"300\" srcset=\"https:\/\/actio-catholica.hu\/wp-content\/uploads\/2022\/04\/H-12cmBSZM-trasparent-88x300.png 88w, https:\/\/actio-catholica.hu\/wp-content\/uploads\/2022\/04\/H-12cmBSZM-trasparent-301x1024.png 301w, https:\/\/actio-catholica.hu\/wp-content\/uploads\/2022\/04\/H-12cmBSZM-trasparent.png 417w\" sizes=\"auto, (max-width: 88px) 100vw, 88px\" \/><em>&#8220;Instaurare omnia in Christo.&#8221; St. Pius X.<\/em><\/p>\n<table style=\"border-collapse: collapse; width: 86.9668%; height: 370px;\">\n<tbody>\n<tr style=\"height: 18px;\">\n<td style=\"text-align: right; width: 30.4625%; height: 18px; border-style: none;\">\n<h3><strong><span style=\"font-size: 12pt;\">Az oldal tulajdonosa:<\/span><\/strong><\/h3>\n<\/td>\n<td style=\"height: 18px; width: 1.34887%; border-style: none;\">\u00a0<\/td>\n<td style=\"height: 18px; width: 55.1555%; border-style: none;\">\n<h3><strong><span style=\"font-size: 12pt;\">Pro Missa Tridentina Alap\u00edtv\u00e1ny<\/span><\/strong><\/h3>\n<\/td>\n<\/tr>\n<tr style=\"height: 18px;\">\n<td style=\"text-align: right; width: 30.4625%; height: 18px; border-style: none;\">\n<h4>St\u00e1tusz:<\/h4>\n<\/td>\n<td style=\"height: 18px; width: 1.34887%; border-style: none;\">\u00a0<\/td>\n<td style=\"height: 18px; width: 55.1555%; border-style: none;\">\n<h4>k\u00f6zhaszn\u00fa<\/h4>\n<\/td>\n<\/tr>\n<tr style=\"height: 18px;\">\n<td style=\"text-align: right; width: 30.4625%; height: 18px; border-style: none;\">\n<h5>Sz\u00e9khelye:<\/h5>\n<\/td>\n<td style=\"height: 18px; width: 1.34887%; border-style: none;\">\u00a0<\/td>\n<td style=\"height: 18px; width: 55.1555%; border-style: none;\">H-3922 Taktahark\u00e1ny, Kossuth utca 32.<\/td>\n<\/tr>\n<tr style=\"height: 18px;\">\n<td style=\"width: 30.4625%; height: 10px; text-align: right; vertical-align: top; border-style: none;\">\n<h5>Telephelyek:<\/h5>\n<\/td>\n<td style=\"height: 10px; width: 1.34887%; border-style: none;\">\u00a0<\/td>\n<td style=\"height: 10px; width: 55.1555%; vertical-align: top; border-style: none;\">\n<ol>\n<li>3533 Miskolc, Andr\u00e1ssy \u00fat 55.<\/li>\n<li>2687 Bercel, Tab\u00e1n \u00fat 43.<\/li>\n<li>3846 Hern\u00e1dk\u00e9rcs, Kossuth utca 75.<\/li>\n<li>7174 K\u00e9ty, R\u00e1k\u00f3czi utca 142.<\/li>\n<\/ol>\n<\/td>\n<\/tr>\n<tr style=\"height: 18px;\">\n<td style=\"text-align: right; width: 30.4625%; height: 18px; border-style: none;\">\n<h5>Alap\u00edt\u00e1skori n\u00e9v:<\/h5>\n<\/td>\n<td style=\"height: 18px; width: 1.34887%; border-style: none;\">\u00a0<\/td>\n<td style=\"height: 18px; width: 55.1555%; border-style: none;\">\n<h5><strong>Actio Catholica Alap\u00edtv\u00e1ny<\/strong><\/h5>\n<\/td>\n<\/tr>\n<tr style=\"height: 18px;\">\n<td style=\"text-align: right; width: 30.4625%; height: 18px; border-style: none;\">\n<h5>Nyilv\u00e1ntart\u00f3 t\u00f6rv\u00e9nysz\u00e9k:<\/h5>\n<\/td>\n<td style=\"height: 18px; width: 1.34887%; border-style: none;\">\u00a0<\/td>\n<td style=\"height: 18px; width: 55.1555%; border-style: none;\">\n<h5>Miskolci T\u00f6rv\u00e9nysz\u00e9k<\/h5>\n<\/td>\n<\/tr>\n<tr style=\"height: 18px;\">\n<td style=\"text-align: right; width: 30.4625%; height: 18px; border-style: none;\">\n<h5>Bejegyz\u00e9si sz\u00e1ma:<\/h5>\n<\/td>\n<td style=\"height: 18px; width: 1.34887%; border-style: none;\">\u00a0<\/td>\n<td style=\"height: 18px; width: 55.1555%; border-style: none;\">15.Pk.60.092\/2015\/4<\/td>\n<\/tr>\n<tr style=\"height: 18px;\">\n<td style=\"text-align: right; width: 30.4625%; height: 18px; border-style: none;\">\n<h5>Joger\u0151s bejegyz\u00e9s ideje:<\/h5>\n<\/td>\n<td style=\"height: 18px; width: 1.34887%; border-style: none;\">\u00a0<\/td>\n<td style=\"height: 18px; width: 55.1555%; border-style: none;\">2015.10.08.<\/td>\n<\/tr>\n<tr style=\"height: 18px;\">\n<td style=\"text-align: right; width: 30.4625%; height: 18px; border-style: none;\">\n<h5>N\u00e9vv\u00e1ltoztat\u00e1s id\u0151pontja:<\/h5>\n<\/td>\n<td style=\"height: 18px; width: 1.34887%; border-style: none;\">\u00a0<\/td>\n<td style=\"height: 18px; width: 55.1555%; border-style: none;\">\n<h5>2020.10.25.<\/h5>\n<\/td>\n<\/tr>\n<tr style=\"height: 18px;\">\n<td style=\"text-align: right; width: 30.4625%; height: 18px; border-style: none;\">\n<h5>V\u00e9gz\u00e9ssz\u00e1ma:<\/h5>\n<\/td>\n<td style=\"height: 18px; width: 1.34887%; border-style: none;\">\u00a0<\/td>\n<td style=\"height: 18px; width: 55.1555%; border-style: none;\">15.Pk.60.092\/2015\/44<\/td>\n<\/tr>\n<tr style=\"height: 18px;\">\n<td style=\"text-align: right; width: 30.4625%; height: 18px; border-style: none;\">\n<h5>Joger\u0151s bejegyz\u00e9s ideje:<\/h5>\n<\/td>\n<td style=\"height: 18px; width: 1.34887%; border-style: none;\">\u00a0<\/td>\n<td style=\"height: 18px; width: 55.1555%; border-style: none;\">2021.11.26.<\/td>\n<\/tr>\n<tr style=\"height: 18px;\">\n<td style=\"text-align: right; width: 30.4625%; height: 18px; border-style: none;\">\n<h5>Nyilv\u00e1ntart\u00e1s:<\/h5>\n<\/td>\n<td style=\"height: 18px; width: 1.34887%; border-style: none;\">\u00a0<\/td>\n<td style=\"height: 18px; width: 55.1555%; border-style: none;\">05-01-0064389<\/td>\n<\/tr>\n<tr style=\"height: 18px;\">\n<td style=\"text-align: right; width: 30.4625%; height: 18px; border-style: none;\">\n<h5>Ad\u00f3sz\u00e1ma:<\/h5>\n<\/td>\n<td style=\"height: 18px; width: 1.34887%; border-style: none;\">\u00a0<\/td>\n<td style=\"height: 18px; width: 55.1555%; border-style: none;\">18659733-1-05<\/td>\n<\/tr>\n<tr style=\"height: 18px;\">\n<td style=\"text-align: right; width: 30.4625%; height: 18px; border-style: none;\">\n<h5>Statisztikai jel:<\/h5>\n<\/td>\n<td style=\"height: 18px; width: 1.34887%; border-style: none;\">\u00a0<\/td>\n<td style=\"height: 18px; width: 55.1555%; border-style: none;\">18659733-9491-569-05<\/td>\n<\/tr>\n<tr style=\"height: 18px;\">\n<td style=\"text-align: right; width: 30.4625%; height: 18px; border-style: none;\">\n<h5>Email c\u00edme:<\/h5>\n<\/td>\n<td style=\"height: 18px; width: 1.34887%; border-style: none;\">\u00a0<\/td>\n<td style=\"height: 18px; width: 55.1555%; border-style: none;\"><strong><a href=\"mailto:info.pro.missa.tridentina@gmail.com\" target=\"_blank\" rel=\"noopener noreferrer\">info.pro.missa.tridentina@gmail.com<\/a><\/strong><\/td>\n<\/tr>\n<tr style=\"height: 18px;\">\n<td style=\"text-align: right; width: 30.4625%; border-style: none; height: 18px;\">\n<h5>Banksz\u00e1mla sz\u00e1ma:<\/h5>\n<\/td>\n<td style=\"width: 1.34887%; border-style: none; height: 18px;\">\u00a0<\/td>\n<td style=\"width: 55.1555%; border-style: none; height: 18px;\">HU95 1040 0322 5052 6748 8151 1032<\/td>\n<\/tr>\n<tr style=\"height: 18px;\">\n<td style=\"text-align: right; width: 30.4625%; border-style: none; height: 18px;\">\n<h5>SWIFT:<\/h5>\n<\/td>\n<td style=\"width: 1.34887%; border-style: none; height: 18px;\">\u00a0<\/td>\n<td style=\"width: 55.1555%; border-style: none; height: 18px;\">OKHBHUHB<\/td>\n<\/tr>\n<tr style=\"height: 18px;\">\n<td style=\"text-align: right; width: 30.4625%; border-style: none; height: 18px;\">\n<h5>Bank k\u00f6zponti c\u00edme:<\/h5>\n<\/td>\n<td style=\"width: 1.34887%; border-style: none; height: 18px;\">\u00a0<\/td>\n<td style=\"width: 55.1555%; border-style: none; height: 18px;\">H-1095 Budapest, Lechnert \u00d6d\u00f6n fasor 9.<\/td>\n<\/tr>\n<tr style=\"height: 18px;\">\n<td style=\"text-align: right; width: 30.4625%; height: 18px; border-style: none;\">\n<h5>Telefonsz\u00e1m:<\/h5>\n<\/td>\n<td style=\"height: 18px; width: 1.34887%; border-style: none;\">\u00a0<\/td>\n<td style=\"height: 18px; width: 55.1555%; border-style: none;\">+3620-390-6533<\/td>\n<\/tr>\n<tr style=\"height: 18px;\">\n<td style=\"text-align: right; width: 30.4625%; height: 18px; border-style: none;\">\n<h5>Tev\u00e9kenys\u00e9gi ter\u00fclete:<\/h5>\n<\/td>\n<td style=\"height: 18px; width: 1.34887%; border-style: none;\">\u00a0<\/td>\n<td style=\"height: 18px; width: 55.1555%; border-style: none;\">Vall\u00e1si tev\u00e9kenys\u00e9get v\u00e9gz\u0151 szervezet<\/td>\n<\/tr>\n<\/tbody>\n<tbody>\n<tr style=\"height: 18px;\">\n<td style=\"text-align: right; width: 30.4625%; height: 18px; border-style: none;\">\n<h5>Alap\u00edt\u00f3 Okiratok:<\/h5>\n<\/td>\n<td style=\"height: 18px; width: 1.34887%; border-style: none;\">\u00a0<\/td>\n<td style=\"height: 18px; width: 55.1555%; border-style: none;\"><a href=\"\/\/actio-catholica.hu\/index.php\/alapito-okiratok\/\" target=\"_blank\" rel=\"noopener\">https:\/\/actio-catholica.hu\/index.php\/alapito-okiratok\/<\/a><\/td>\n<\/tr>\n<tr style=\"height: 18px;\">\n<td style=\"text-align: right; width: 30.4625%; height: 18px; border-style: none;\">\n<h5>M\u00e9rlegek:<\/h5>\n<\/td>\n<td style=\"height: 18px; width: 1.34887%; border-style: none;\">\u00a0<\/td>\n<td style=\"height: 18px; width: 55.1555%; border-style: none;\"><a href=\"\/\/actio-catholica.hu\/index.php\/merlegek\/\" target=\"_blank\" rel=\"noopener\">https:\/\/actio-catholica.hu\/index.php\/merlegek\/<\/a><\/td>\n<\/tr>\n<\/tbody>\n<\/table>\n<h4 style=\"text-align: center;\">Felel\u0151s: A kurat\u00f3rium nev\u00e9ben az Eln\u00f6k<\/h4>\n","protected":false},"excerpt":{"rendered":"<p>Pro Missa Tridentina Alap\u00edtv\u00e1ny &#8220;Instaurare omnia in Christo.&#8221; St. Pius X. Az oldal tulajdonosa: \u00a0 Pro Missa Tridentina Alap\u00edtv\u00e1ny St\u00e1tusz: \u00a0 k\u00f6zhaszn\u00fa Sz\u00e9khelye: \u00a0 H-3922 Taktahark\u00e1ny, Kossuth utca 32. Telephelyek: \u00a0 3533 Miskolc, Andr\u00e1ssy \u00fat 55. 2687 Bercel, Tab\u00e1n \u00fat 43. 3846 Hern\u00e1dk\u00e9rcs, Kossuth utca 75. 7174 K\u00e9ty, R\u00e1k\u00f3czi utca 142. Alap\u00edt\u00e1skori n\u00e9v: \u00a0 Actio [&hellip;]<\/p>\n","protected":false},"author":3,"featured_media":0,"parent":0,"menu_order":0,"comment_status":"closed","ping_status":"closed","template":"","meta":{"h5ap_radio_sources":[],"footnotes":""},"class_list":["post-1979","page","type-page","status-publish","hentry"],"_links":{"self":[{"href":"https:\/\/actio-catholica.hu\/index.php\/wp-json\/wp\/v2\/pages\/1979","targetHints":{"allow":["GET"]}}],"collection":[{"href":"https:\/\/actio-catholica.hu\/index.php\/wp-json\/wp\/v2\/pages"}],"about":[{"href":"https:\/\/actio-catholica.hu\/index.php\/wp-json\/wp\/v2\/types\/page"}],"author":[{"embeddable":true,"href":"https:\/\/actio-catholica.hu\/index.php\/wp-json\/wp\/v2\/users\/3"}],"replies":[{"embeddable":true,"href":"https:\/\/actio-catholica.hu\/index.php\/wp-json\/wp\/v2\/comments?post=1979"}],"version-history":[{"count":12,"href":"https:\/\/actio-catholica.hu\/index.php\/wp-json\/wp\/v2\/pages\/1979\/revisions"}],"predecessor-version":[{"id":3718,"href":"https:\/\/actio-catholica.hu\/index.php\/wp-json\/wp\/v2\/pages\/1979\/revisions\/3718"}],"wp:attachment":[{"href":"https:\/\/actio-catholica.hu\/index.php\/wp-json\/wp\/v2\/media?parent=1979"}],"curies":[{"name":"wp","href":"https:\/\/api.w.org\/{rel}","templated":true}]}}