{"id":2506,"date":"2021-02-19T16:42:28","date_gmt":"2021-02-19T15:42:28","guid":{"rendered":"https:\/\/actio-catholica.hu\/?page_id=2506"},"modified":"2021-02-19T17:49:45","modified_gmt":"2021-02-19T16:49:45","slug":"predikaciok-p-klaus-wilhelm-fsspx","status":"publish","type":"page","link":"https:\/\/actio-catholica.hu\/index.php\/predikaciok-p-klaus-wilhelm-fsspx\/","title":{"rendered":"Pr\u00e9dik\u00e1ci\u00f3k &#8211; p. Klaus Wilhelm FSSPX"},"content":{"rendered":"<p><img loading=\"lazy\" decoding=\"async\" class=\"alignleft size-medium wp-image-2498\" src=\"https:\/\/actio-catholica.hu\/wp-content\/uploads\/2021\/02\/Arckep-300x163.png\" alt=\"\" width=\"300\" height=\"163\" srcset=\"https:\/\/actio-catholica.hu\/wp-content\/uploads\/2021\/02\/Arckep-300x163.png 300w, https:\/\/actio-catholica.hu\/wp-content\/uploads\/2021\/02\/Arckep.png 716w\" sizes=\"auto, (max-width: 300px) 100vw, 300px\" \/><\/p>\n<h1>Kedves olvas\u00f3,<\/h1>\n<p><em>Elkezd\u00fcnk heti rendszeress\u00e9ggel, az Anyaszentegyh\u00e1z hagyom\u00e1nyos, k\u00e9tezer \u00e9ves tan\u00edt\u00e1s\u00e1n alapul\u00f3 pr\u00e9dik\u00e1ci\u00f3k k\u00f6zl\u00e9s\u00e9t, ami rem\u00e9nyeink szerint ezent\u00fal folyamatos lesz, mert az Anyaszentegyh\u00e1zunk v\u00e1ls\u00e1ga miatt fontosnak l\u00e1tszik a h\u00edvek igaz tan\u00edt\u00e1ssal \u00e9s sz\u00f3val val\u00f3 ell\u00e1t\u00e1sa, hogy \u201cel ne vesszenek, el ne s\u00fcllyedjenek\u201d a t\u00e9vtan\u00edt\u00e1s, a hitetlens\u00e9g, az eretneks\u00e9g, vagy a protestantizmus mocsar\u00e1ban, hogy ne jusson a k\u00f6vetkez\u0151 k\u00e9pen l\u00e1that\u00f3 helyzetbe:<br \/>\n<\/em><\/p>\n<p><img loading=\"lazy\" decoding=\"async\" class=\"aligncenter wp-image-2517 size-full\" src=\"https:\/\/actio-catholica.hu\/wp-content\/uploads\/2021\/02\/Ures-pokol.jpg\" alt=\"\" width=\"780\" height=\"400\" srcset=\"https:\/\/actio-catholica.hu\/wp-content\/uploads\/2021\/02\/Ures-pokol.jpg 780w, https:\/\/actio-catholica.hu\/wp-content\/uploads\/2021\/02\/Ures-pokol-300x154.jpg 300w, https:\/\/actio-catholica.hu\/wp-content\/uploads\/2021\/02\/Ures-pokol-768x394.jpg 768w\" sizes=\"auto, (max-width: 780px) 100vw, 780px\" \/><\/p>\n<table style=\"width: 100%; border-collapse: collapse; border-style: none;\">\n<tbody>\n<tr>\n<td style=\"width: 50%; border-style: hidden;\">\n<h3>2021.01.31. &#8211; <a href=\"https:\/\/actio-catholica.hu\/index.php\/2021\/01\/31\/predikacio-septuagesima-vasarnap-2021-01-31\/\" target=\"_blank\" rel=\"noopener\">Septuagesima Vas\u00e1rnap<\/a><\/h3>\n<h3>2021.02.07. &#8211; <a href=\"https:\/\/actio-catholica.hu\/index.php\/2021\/02\/07\/predikacio-sexagesima-vasarnap-2021-02-07\/\" target=\"_blank\" rel=\"noopener\">Sexagesima Vas\u00e1rnap<\/a><\/h3>\n<h3>2021.02.14. &#8211; <a href=\"https:\/\/actio-catholica.hu\/index.php\/2021\/02\/14\/predikacio-quinq\u2026esima-2021-02-14\/predikacio-quinquagesima-2021-02-14\" target=\"_blank\" rel=\"noopener\">Quinquagesima Vas\u00e1rnap<\/a><\/h3>\n<h3>2021.02.21. &#8211; Nagyb\u00f6jt I. Vas\u00e1rnap<\/h3>\n<\/td>\n<td style=\"width: 50%; border-style: hidden;\">\u00a0<\/td>\n<\/tr>\n<\/tbody>\n<\/table>\n","protected":false},"excerpt":{"rendered":"<p>Kedves olvas\u00f3, Elkezd\u00fcnk heti rendszeress\u00e9ggel, az Anyaszentegyh\u00e1z hagyom\u00e1nyos, k\u00e9tezer \u00e9ves tan\u00edt\u00e1s\u00e1n alapul\u00f3 pr\u00e9dik\u00e1ci\u00f3k k\u00f6zl\u00e9s\u00e9t, ami rem\u00e9nyeink szerint ezent\u00fal folyamatos lesz, mert az Anyaszentegyh\u00e1zunk v\u00e1ls\u00e1ga miatt fontosnak l\u00e1tszik a h\u00edvek igaz tan\u00edt\u00e1ssal \u00e9s sz\u00f3val val\u00f3 ell\u00e1t\u00e1sa, hogy \u201cel ne vesszenek, el ne s\u00fcllyedjenek\u201d a t\u00e9vtan\u00edt\u00e1s, a hitetlens\u00e9g, az eretneks\u00e9g, vagy a protestantizmus mocsar\u00e1ban, hogy ne jusson [&hellip;]<\/p>\n","protected":false},"author":3,"featured_media":0,"parent":0,"menu_order":0,"comment_status":"closed","ping_status":"closed","template":"","meta":{"h5ap_radio_sources":[],"footnotes":""},"class_list":["post-2506","page","type-page","status-publish","hentry"],"_links":{"self":[{"href":"https:\/\/actio-catholica.hu\/index.php\/wp-json\/wp\/v2\/pages\/2506","targetHints":{"allow":["GET"]}}],"collection":[{"href":"https:\/\/actio-catholica.hu\/index.php\/wp-json\/wp\/v2\/pages"}],"about":[{"href":"https:\/\/actio-catholica.hu\/index.php\/wp-json\/wp\/v2\/types\/page"}],"author":[{"embeddable":true,"href":"https:\/\/actio-catholica.hu\/index.php\/wp-json\/wp\/v2\/users\/3"}],"replies":[{"embeddable":true,"href":"https:\/\/actio-catholica.hu\/index.php\/wp-json\/wp\/v2\/comments?post=2506"}],"version-history":[{"count":7,"href":"https:\/\/actio-catholica.hu\/index.php\/wp-json\/wp\/v2\/pages\/2506\/revisions"}],"predecessor-version":[{"id":2519,"href":"https:\/\/actio-catholica.hu\/index.php\/wp-json\/wp\/v2\/pages\/2506\/revisions\/2519"}],"wp:attachment":[{"href":"https:\/\/actio-catholica.hu\/index.php\/wp-json\/wp\/v2\/media?parent=2506"}],"curies":[{"name":"wp","href":"https:\/\/api.w.org\/{rel}","templated":true}]}}

Prédikációk &#8211; p. Klaus Wilhelm FSSPX

<p><img loading="lazy" decoding="async" class="alignleft size-medium wp-image-2498" src="https://actio-catholica.hu/wp-content/uploads/2021/02/Arckep-300x163.png" alt="" width="300" height="163" srcset="https://actio-catholica.hu/wp-content/uploads/2021/02/Arckep-300x163.png 300w, https://actio-catholica.hu/wp-content/uploads/2021/02/Arckep.png 716w" sizes="auto, (max-width: 300px) 100vw, 300px" /></p>
<h1>Kedves olvasó,</h1>
<p><em>Elkezdünk heti rendszerességgel, az Anyaszentegyház hagyományos, kétezer éves tanításán alapuló prédikációk közlését, ami reményeink szerint ezentúl folyamatos lesz, mert az Anyaszentegyházunk válsága miatt fontosnak látszik a hívek igaz tanítással és szóval való ellátása, hogy “el ne vesszenek, el ne süllyedjenek” a tévtanítás, a hitetlenség, az eretnekség, vagy a protestantizmus mocsarában, hogy ne jusson a következő képen látható helyzetbe:<br />
</em></p>
<p><img loading="lazy" decoding="async" class="aligncenter wp-image-2517 size-full" src="https://actio-catholica.hu/wp-content/uploads/2021/02/Ures-pokol.jpg" alt="" width="780" height="400" srcset="https://actio-catholica.hu/wp-content/uploads/2021/02/Ures-pokol.jpg 780w, https://actio-catholica.hu/wp-content/uploads/2021/02/Ures-pokol-300x154.jpg 300w, https://actio-catholica.hu/wp-content/uploads/2021/02/Ures-pokol-768x394.jpg 768w" sizes="auto, (max-width: 780px) 100vw, 780px" /></p>
<table style="width: 100%; border-collapse: collapse; border-style: none;">
<tbody>
<tr>
<td style="width: 50%; border-style: hidden;">
<h3>2021.01.31. &#8211; <a href="https://actio-catholica.hu/index.php/2021/01/31/predikacio-septuagesima-vasarnap-2021-01-31/" target="_blank" rel="noopener">Septuagesima Vasárnap</a></h3>
<h3>2021.02.07. &#8211; <a href="https://actio-catholica.hu/index.php/2021/02/07/predikacio-sexagesima-vasarnap-2021-02-07/" target="_blank" rel="noopener">Sexagesima Vasárnap</a></h3>
<h3>2021.02.14. &#8211; <a href="https://actio-catholica.hu/index.php/2021/02/14/predikacio-quinq…esima-2021-02-14/predikacio-quinquagesima-2021-02-14" target="_blank" rel="noopener">Quinquagesima Vasárnap</a></h3>
<h3>2021.02.21. &#8211; Nagyböjt I. Vasárnap</h3>
</td>
<td style="width: 50%; border-style: hidden;"> </td>
</tr>
</tbody>
</table>

<p>Kedves olvasó, Elkezdünk heti rendszerességgel, az Anyaszentegyház hagyományos, kétezer éves tanításán alapuló prédikációk közlését, ami reményeink szerint ezentúl folyamatos lesz, mert az Anyaszentegyházunk válsága miatt fontosnak látszik a hívek igaz tanítással és szóval való ellátása, hogy “el ne vesszenek, el ne süllyedjenek” a tévtanítás, a hitetlenség, az eretnekség, vagy a protestantizmus mocsarában, hogy ne jusson [&hellip;]</p>
