{"id":3337,"date":"2021-10-19T13:30:59","date_gmt":"2021-10-19T11:30:59","guid":{"rendered":"https:\/\/actio-catholica.hu\/?page_id=3337"},"modified":"2023-02-17T15:52:54","modified_gmt":"2023-02-17T14:52:54","slug":"sutto-szilard-korrekciok-es-kiegeszitesek-kozepkori-hadtortenetunkhoz","status":"publish","type":"page","link":"https:\/\/actio-catholica.hu\/index.php\/sutto-szilard-korrekciok-es-kiegeszitesek-kozepkori-hadtortenetunkhoz\/","title":{"rendered":"S\u00fctt\u0151 Szil\u00e1rd &#8211; Korrekci\u00f3k \u00e9s kieg\u00e9sz\u00edt\u00e9sek k\u00f6z\u00e9pkori hadt\u00f6rt\u00e9net\u00fcnkh\u00f6z"},"content":{"rendered":"<p style=\"text-align: center;\">[pdf-embedder url=&#8221;https:\/\/actio-catholica.hu\/wp-content\/uploads\/securepdfs\/2021\/10\/Sutto-Szilard-Korrekciok-es-kiegeszitesek-kozepkori-hadtortenetunkhoz.pdf&#8221; title=&#8221;S\u00fctt\u0151 Szil\u00e1rd &#8211; Korrekci\u00f3k \u00e9s kieg\u00e9sz\u00edt\u00e9sek k\u00f6z\u00e9pkori hadt\u00f6rt\u00e9net\u00fcnkh\u00f6z&#8221;]<\/p>\n<p style=\"text-align: center;\">\u00a0<\/p>\n","protected":false},"excerpt":{"rendered":"<p>[pdf-embedder url=&#8221;https:\/\/actio-catholica.hu\/wp-content\/uploads\/securepdfs\/2021\/10\/Sutto-Szilard-Korrekciok-es-kiegeszitesek-kozepkori-hadtortenetunkhoz.pdf&#8221; title=&#8221;S\u00fctt\u0151 Szil\u00e1rd &#8211; Korrekci\u00f3k \u00e9s kieg\u00e9sz\u00edt\u00e9sek k\u00f6z\u00e9pkori hadt\u00f6rt\u00e9net\u00fcnkh\u00f6z&#8221;] \u00a0<\/p>\n","protected":false},"author":3,"featured_media":0,"parent":0,"menu_order":0,"comment_status":"closed","ping_status":"closed","template":"","meta":{"h5ap_radio_sources":[],"footnotes":""},"class_list":["post-3337","page","type-page","status-publish","hentry"],"_links":{"self":[{"href":"https:\/\/actio-catholica.hu\/index.php\/wp-json\/wp\/v2\/pages\/3337","targetHints":{"allow":["GET"]}}],"collection":[{"href":"https:\/\/actio-catholica.hu\/index.php\/wp-json\/wp\/v2\/pages"}],"about":[{"href":"https:\/\/actio-catholica.hu\/index.php\/wp-json\/wp\/v2\/types\/page"}],"author":[{"embeddable":true,"href":"https:\/\/actio-catholica.hu\/index.php\/wp-json\/wp\/v2\/users\/3"}],"replies":[{"embeddable":true,"href":"https:\/\/actio-catholica.hu\/index.php\/wp-json\/wp\/v2\/comments?post=3337"}],"version-history":[{"count":5,"href":"https:\/\/actio-catholica.hu\/index.php\/wp-json\/wp\/v2\/pages\/3337\/revisions"}],"predecessor-version":[{"id":5180,"href":"https:\/\/actio-catholica.hu\/index.php\/wp-json\/wp\/v2\/pages\/3337\/revisions\/5180"}],"wp:attachment":[{"href":"https:\/\/actio-catholica.hu\/index.php\/wp-json\/wp\/v2\/media?parent=3337"}],"curies":[{"name":"wp","href":"https:\/\/api.w.org\/{rel}","templated":true}]}}

Süttő Szilárd &#8211; Korrekciók és kiegészítések középkori hadtörténetünkhöz

<p style="text-align: center;">[pdf-embedder url=&#8221;https://actio-catholica.hu/wp-content/uploads/securepdfs/2021/10/Sutto-Szilard-Korrekciok-es-kiegeszitesek-kozepkori-hadtortenetunkhoz.pdf&#8221; title=&#8221;Süttő Szilárd &#8211; Korrekciók és kiegészítések középkori hadtörténetünkhöz&#8221;]</p>
<p style="text-align: center;"> </p>

<p>[pdf-embedder url=&#8221;https://actio-catholica.hu/wp-content/uploads/securepdfs/2021/10/Sutto-Szilard-Korrekciok-es-kiegeszitesek-kozepkori-hadtortenetunkhoz.pdf&#8221; title=&#8221;Süttő Szilárd &#8211; Korrekciók és kiegészítések középkori hadtörténetünkhöz&#8221;]  </p>
