{"id":334,"date":"2019-11-06T09:23:39","date_gmt":"2019-11-06T08:23:39","guid":{"rendered":"http:\/\/actio-catholica.hu\/?page_id=334"},"modified":"2019-11-06T10:58:42","modified_gmt":"2019-11-06T09:58:42","slug":"kozerdeku-onkentesseg","status":"publish","type":"page","link":"https:\/\/actio-catholica.hu\/index.php\/kozerdeku-onkentesseg\/","title":{"rendered":"K\u00f6z\u00e9rdek\u0171 \u00f6nk\u00e9ntess\u00e9g"},"content":{"rendered":"<p>Alap\u00edtv\u00e1nyunk, az Actio Catholica Alap\u00edtv\u00e1ny regisztr\u00e1ci\u00f3s k\u00e9relemmel fordult az Emberi Er\u0151forr\u00e1sok Miniszt\u00e9riuma Ifj\u00fas\u00e1gpolitik\u00e1\u00e9rt \u00e9s Es\u00e9lyteremt\u00e9s\u00e9rt Felel\u0151s Helyettes \u00c1llamtitk\u00e1rs\u00e1ghoz. A lenti dokumentumban olvashat\u00f3 a 2019. febru\u00e1r 18.-n kelt<\/p>\n<h1 style=\"text-align: center;\"><strong>HAT\u00c1ROZAT\u00a0<\/strong><strong>\u00e9s a kapcsol\u00f3d\u00f3 t\u00f6rv\u00e9ny<\/strong><\/h1>\n<table style=\"width: 90%; border-collapse: collapse; border-style: none;\">\n<tbody>\n<tr>\n<td style=\"width: 40%; text-align: center; border-style: none;\"><div class=\"ead-preview\"><div class=\"ead-document\" style=\"position: relative;padding-top: 90%;\"><div class=\"ead-iframe-wrapper\"><iframe src=\"\/\/docs.google.com\/viewer?url=https%3A%2F%2Factio-catholica.hu%2Fwp-content%2Fuploads%2F2019%2F11%2F2019.02.18.-Hat%C3%A1rozat.pdf&amp;embedded=true&amp;hl=en\" title=\"Embedded Document\" class=\"ead-iframe\" style=\"width: 100%;height: 100%;border: none;position: absolute;left: 0;top: 0;visibility: hidden;\"><\/iframe><\/div>\t\t\t<div class=\"ead-document-loading\" style=\"width:100%;height:100%;position:absolute;left:0;top:0;z-index:10;\">\n\t\t\t\t<div class=\"ead-loading-wrap\">\n\t\t\t\t\t<div class=\"ead-loading-main\">\n\t\t\t\t\t\t<div class=\"ead-loading\">\n\t\t\t\t\t\t\t<img loading=\"lazy\" decoding=\"async\" src=\"https:\/\/actio-catholica.hu\/wp-content\/plugins\/embed-any-document\/images\/loading.svg\" width=\"55\" height=\"55\" alt=\"Loader\">\n\t\t\t\t\t\t\t<span>Loading...<\/span>\n\t\t\t\t\t\t<\/div>\n\t\t\t\t\t<\/div>\n\t\t\t\t\t<div class=\"ead-loading-foot\">\n\t\t\t\t\t\t<div class=\"ead-loading-foot-title\">\n\t\t\t\t\t\t\t<img loading=\"lazy\" decoding=\"async\" src=\"https:\/\/actio-catholica.hu\/wp-content\/plugins\/embed-any-document\/images\/EAD-logo.svg\" alt=\"EAD Logo\" width=\"36\" height=\"23\"\/>\n\t\t\t\t\t\t\t<span>Taking too long?<\/span>\n\t\t\t\t\t\t<\/div>\n\t\t\t\t\t\t<p>\n\t\t\t\t\t\t\t<div class=\"ead-document-btn ead-reload-btn\" role=\"button\">\n\t\t\t\t\t\t\t\t<img loading=\"lazy\" decoding=\"async\" src=\"https:\/\/actio-catholica.hu\/wp-content\/plugins\/embed-any-document\/images\/reload.svg\" alt=\"Reload\" width=\"12\" height=\"12\"\/> Reload document\t\t\t\t\t\t\t<\/div>\n\t\t\t\t\t\t\t<span>|<\/span>\n\t\t\t\t\t\t\t<a href=\"https:\/\/actio-catholica.hu\/wp-content\/uploads\/2019\/11\/2019.02.18.-Hat\u00e1rozat.pdf\" class=\"ead-document-btn\" target=\"_blank\">\n\t\t\t\t\t\t\t\t<img loading=\"lazy\" decoding=\"async\" src=\"https:\/\/actio-catholica.hu\/wp-content\/plugins\/embed-any-document\/images\/open.svg\" alt=\"Open\" width=\"12\" height=\"12\"\/> Open in new tab\t\t\t\t\t\t\t<\/a>\n\t\t\t\t\t<\/div>\n\t\t\t\t<\/div>\n\t\t\t<\/div>\n\t\t<\/div><p class=\"embed_download\"><a href=\"https:\/\/actio-catholica.hu\/wp-content\/uploads\/2019\/11\/2019.02.18.-Hat\u00e1rozat.pdf\" download>Let\u00f6lt\u00e9s <\/a><\/p><\/div><\/td>\n<td style=\"width: 10%; text-align: center; border-style: none;\"><\/td>\n<td style=\"width: 40%; text-align: center; border-style: none;\"><div class=\"ead-preview\"><div class=\"ead-document\" style=\"position: relative;padding-top: 90%;\"><div class=\"ead-iframe-wrapper\"><iframe src=\"\/\/docs.google.com\/viewer?url=https%3A%2F%2Factio-catholica.hu%2Fwp-content%2Fuploads%2F2019%2F11%2F2005.-%C3%A9vi-LXXXVIII.-t%C3%B6rv%C3%A9ny-a-k%C3%B6z%C3%A9rdek%C5%B1-%C3%B6nk%C3%A9ntes-tev%C3%A9kenys%C3%A9gr%C5%91l.pdf&amp;embedded=true&amp;hl=en\" title=\"Embedded Document\" class=\"ead-iframe\" style=\"width: 100%;height: 100%;border: none;position: absolute;left: 0;top: 0;visibility: hidden;\"><\/iframe><\/div>\t\t\t<div class=\"ead-document-loading\" style=\"width:100%;height:100%;position:absolute;left:0;top:0;z-index:10;\">\n\t\t\t\t<div class=\"ead-loading-wrap\">\n\t\t\t\t\t<div class=\"ead-loading-main\">\n\t\t\t\t\t\t<div class=\"ead-loading\">\n\t\t\t\t\t\t\t<img loading=\"lazy\" decoding=\"async\" src=\"https:\/\/actio-catholica.hu\/wp-content\/plugins\/embed-any-document\/images\/loading.svg\" width=\"55\" height=\"55\" alt=\"Loader\">\n\t\t\t\t\t\t\t<span>Loading...<\/span>\n\t\t\t\t\t\t<\/div>\n\t\t\t\t\t<\/div>\n\t\t\t\t\t<div class=\"ead-loading-foot\">\n\t\t\t\t\t\t<div class=\"ead-loading-foot-title\">\n\t\t\t\t\t\t\t<img loading=\"lazy\" decoding=\"async\" src=\"https:\/\/actio-catholica.hu\/wp-content\/plugins\/embed-any-document\/images\/EAD-logo.svg\" alt=\"EAD Logo\" width=\"36\" height=\"23\"\/>\n\t\t\t\t\t\t\t<span>Taking too long?<\/span>\n\t\t\t\t\t\t<\/div>\n\t\t\t\t\t\t<p>\n\t\t\t\t\t\t\t<div class=\"ead-document-btn ead-reload-btn\" role=\"button\">\n\t\t\t\t\t\t\t\t<img loading=\"lazy\" decoding=\"async\" src=\"https:\/\/actio-catholica.hu\/wp-content\/plugins\/embed-any-document\/images\/reload.svg\" alt=\"Reload\" width=\"12\" height=\"12\"\/> Reload document\t\t\t\t\t\t\t<\/div>\n\t\t\t\t\t\t\t<span>|<\/span>\n\t\t\t\t\t\t\t<a href=\"https:\/\/actio-catholica.hu\/wp-content\/uploads\/2019\/11\/2005.-\u00e9vi-LXXXVIII.-t\u00f6rv\u00e9ny-a-k\u00f6z\u00e9rdek\u0171-\u00f6nk\u00e9ntes-tev\u00e9kenys\u00e9gr\u0151l.pdf\" class=\"ead-document-btn\" target=\"_blank\">\n\t\t\t\t\t\t\t\t<img loading=\"lazy\" decoding=\"async\" src=\"https:\/\/actio-catholica.hu\/wp-content\/plugins\/embed-any-document\/images\/open.svg\" alt=\"Open\" width=\"12\" height=\"12\"\/> Open in new tab\t\t\t\t\t\t\t<\/a>\n\t\t\t\t\t<\/div>\n\t\t\t\t<\/div>\n\t\t\t<\/div>\n\t\t<\/div><p class=\"embed_download\"><a href=\"https:\/\/actio-catholica.hu\/wp-content\/uploads\/2019\/11\/2005.-\u00e9vi-LXXXVIII.-t\u00f6rv\u00e9ny-a-k\u00f6z\u00e9rdek\u0171-\u00f6nk\u00e9ntes-tev\u00e9kenys\u00e9gr\u0151l.pdf\" download>Let\u00f6lt\u00e9s <\/a><\/p><\/div><\/td>\n<\/tr>\n<\/tbody>\n<\/table>\n<h1 style=\"text-align: center;\"><\/h1>\n","protected":false},"excerpt":{"rendered":"<p>Alap\u00edtv\u00e1nyunk, az Actio Catholica Alap\u00edtv\u00e1ny regisztr\u00e1ci\u00f3s k\u00e9relemmel fordult az Emberi Er\u0151forr\u00e1sok Miniszt\u00e9riuma Ifj\u00fas\u00e1gpolitik\u00e1\u00e9rt \u00e9s Es\u00e9lyteremt\u00e9s\u00e9rt Felel\u0151s Helyettes \u00c1llamtitk\u00e1rs\u00e1ghoz. A lenti dokumentumban olvashat\u00f3 a 2019. febru\u00e1r 18.-n kelt HAT\u00c1ROZAT\u00a0\u00e9s a kapcsol\u00f3d\u00f3 t\u00f6rv\u00e9ny<\/p>\n","protected":false},"author":3,"featured_media":0,"parent":0,"menu_order":0,"comment_status":"closed","ping_status":"closed","template":"","meta":{"h5ap_radio_sources":[],"footnotes":""},"class_list":["post-334","page","type-page","status-publish","hentry"],"_links":{"self":[{"href":"https:\/\/actio-catholica.hu\/index.php\/wp-json\/wp\/v2\/pages\/334","targetHints":{"allow":["GET"]}}],"collection":[{"href":"https:\/\/actio-catholica.hu\/index.php\/wp-json\/wp\/v2\/pages"}],"about":[{"href":"https:\/\/actio-catholica.hu\/index.php\/wp-json\/wp\/v2\/types\/page"}],"author":[{"embeddable":true,"href":"https:\/\/actio-catholica.hu\/index.php\/wp-json\/wp\/v2\/users\/3"}],"replies":[{"embeddable":true,"href":"https:\/\/actio-catholica.hu\/index.php\/wp-json\/wp\/v2\/comments?post=334"}],"version-history":[{"count":11,"href":"https:\/\/actio-catholica.hu\/index.php\/wp-json\/wp\/v2\/pages\/334\/revisions"}],"predecessor-version":[{"id":347,"href":"https:\/\/actio-catholica.hu\/index.php\/wp-json\/wp\/v2\/pages\/334\/revisions\/347"}],"wp:attachment":[{"href":"https:\/\/actio-catholica.hu\/index.php\/wp-json\/wp\/v2\/media?parent=334"}],"curies":[{"name":"wp","href":"https:\/\/api.w.org\/{rel}","templated":true}]}}