{"id":3781,"date":"2022-07-13T07:52:11","date_gmt":"2022-07-13T05:52:11","guid":{"rendered":"https:\/\/actio-catholica.hu\/?page_id=3781"},"modified":"2022-08-04T14:38:01","modified_gmt":"2022-08-04T12:38:01","slug":"mindszenty-zarandoklat-47-2022","status":"publish","type":"page","link":"https:\/\/actio-catholica.hu\/index.php\/mindszenty-zarandoklat-47-2022\/","title":{"rendered":"Mindszenty zar\u00e1ndoklat &#8217;47 &#8211; 2022"},"content":{"rendered":"<h2>Tisztelt l\u00e1togat\u00f3,<\/h2>\n<p style=\"text-align: justify;\"><img loading=\"lazy\" decoding=\"async\" class=\"alignright size-medium wp-image-3488\" src=\"https:\/\/actio-catholica.hu\/wp-content\/uploads\/2021\/12\/Mindszenty-300x219.jpg\" alt=\"\" width=\"300\" height=\"219\" srcset=\"https:\/\/actio-catholica.hu\/wp-content\/uploads\/2021\/12\/Mindszenty-300x219.jpg 300w, https:\/\/actio-catholica.hu\/wp-content\/uploads\/2021\/12\/Mindszenty-768x561.jpg 768w, https:\/\/actio-catholica.hu\/wp-content\/uploads\/2021\/12\/Mindszenty.jpg 850w\" sizes=\"auto, (max-width: 300px) 100vw, 300px\" \/>Ez\u00faton t\u00e1j\u00e9koztatunk, hogy id\u00e9n is megtartjuk a &#8211; most m\u00e1r hagyom\u00e1nyosnak mondhat\u00f3 &#8211; gyalogos Mindszenty zar\u00e1ndoklatunkat. Gyalogos zar\u00e1ndoklatunk c\u00e9lja, \u00e9s a szentmise Intentioja, hogy a b\u00edboros urat min\u00e9l hamarabb boldogg\u00e1, majd szent\u00e9 avassa az Anyaszentegyh\u00e1z.<\/p>\n<h3 style=\"text-align: center;\">V\u00e9glegesedett a szervez\u00e9s. Felh\u00edv\u00e1sunk <a href=\"https:\/\/actio-catholica.hu\/index.php\/2022\/08\/04\/mindszenty-47-gyalogos-zarandoklat\/\" target=\"_blank\" rel=\"noopener\">ITT<\/a> \u00e9rhet\u0151 el.<\/h3>\n<p style=\"text-align: justify;\">A zar\u00e1ndoklat id\u0151pontv\u00e1laszt\u00e1sa, teh\u00e1t a k\u00f6vetkez\u0151kben l\u00e1tszik &#8211; minden \u00e9vben szeptember els\u0151 szombatja. Az\u00e9rt v\u00e1lasztottuk a szeptember elej\u00e9t, mert a hagyom\u00e1nyos\u00a0 1960-s szentmise rubrik\u00e1k szerint\u00a0 szeptember 2. Szent Istv\u00e1n kir\u00e1ly \u00fcnnepe, m\u00edg szeptember 3. pedig Szent X. Piusz p\u00e1pa \u00fcnnepe. Mind a k\u00e9t szent nagyon fontos a katolikus hit szempontj\u00e1b\u00f3l, mert Szent Istv\u00e1n a katolikus hitet adta a magyars\u00e1gnak (\u00e9s v\u00e9delmezte azt a k\u00fcld\u0151 behat\u00e1sokkal szemben), m\u00edg Szent X. Piusz p\u00e1pa pedig a katolikus hitet v\u00e9delmezte a modernist\u00e1kkal szemben.<\/p>\n<p style=\"text-align: justify;\">A zar\u00e1ndoklatot el\u0151sz\u00f6r 2020. szeptember 5.-n tartottuk meg Bercel -&gt; Fels\u0151pet\u00e9ny \u00fatvonalon, majd a fels\u0151pet\u00e9nyi Alm\u00e1ssy kast\u00e9ly el\u0151tt szentmis\u00e9vel z\u00e1rtuk.<\/p>\n<p style=\"text-align: justify;\">A m\u00e1sodik zar\u00e1ndoklatot 2021. szeptember 4.- szervezt\u00fck meg hasonl\u00f3an az el\u0151z\u0151 \u00e9vi zar\u00e1ndoklati c\u00e9llal, azaz Fels\u0151pet\u00e9ny, \u00e9s az Alm\u00e1ssy kast\u00e9ly el\u0151tti szentmis\u00e9vel z\u00e1rva. Viszont \u00faj kiindul\u00e1si pontr\u00f3l indult a gyalogos menet: Magyarn\u00e1ndorr\u00f3l.<\/p>\n<p>A harmadik zar\u00e1ndoklatot 2022. szeptember 3.-n tartjuk \u00e9s a tervezett \u00fatvonala megv\u00e1ltozik.<\/p>\n<ul style=\"list-style-type: square;\">\n<li>Kiindul\u00e1si pont: Pilisszentkereszt, R\u00f3mai-katolikus templom,<\/li>\n<li>C\u00e9l: Esztergom, Mindszenty B\u00edboros Hercegpr\u00edm\u00e1s szobra<\/li>\n<\/ul>\n<p style=\"text-align: center;\"><a href=\"https:\/\/actio-catholica.hu\/wp-content\/uploads\/2022\/07\/Tervezett-utvonal-1.png\" data-src=\"https:\/\/actio-catholica.hu\/wp-content\/uploads\/2022\/07\/Tervezett-utvonal-1.png\" data-thumb=\"https:\/\/actio-catholica.hu\/wp-content\/uploads\/2022\/07\/Tervezett-utvonal-1.png\" class=\"ml-lightbox-enabled\"><img loading=\"lazy\" decoding=\"async\" class=\"alignright wp-image-3783 size-full\" src=\"https:\/\/actio-catholica.hu\/wp-content\/uploads\/2022\/07\/Tervezett-utvonal-1.png\" alt=\"\" width=\"1297\" height=\"925\" srcset=\"https:\/\/actio-catholica.hu\/wp-content\/uploads\/2022\/07\/Tervezett-utvonal-1.png 1297w, https:\/\/actio-catholica.hu\/wp-content\/uploads\/2022\/07\/Tervezett-utvonal-1-300x214.png 300w, https:\/\/actio-catholica.hu\/wp-content\/uploads\/2022\/07\/Tervezett-utvonal-1-1024x730.png 1024w, https:\/\/actio-catholica.hu\/wp-content\/uploads\/2022\/07\/Tervezett-utvonal-1-768x548.png 768w\" sizes=\"auto, (max-width: 1297px) 100vw, 1297px\" \/><\/a><strong>Az \u00fatvonal v\u00e9gleges \u00e1llapotban van, de az\u00e9rt javasoljuk, hogy n\u00e9ha l\u00e1togassa meg ezen oldalunkat, a frissebb, b\u0151vebb inform\u00e1ci\u00f3k\u00e9rt, az esetleges v\u00e1ltoz\u00e1sok\u00e9rt.<\/strong><\/p>\n<p style=\"text-align: justify;\">Ami jelenleg m\u00e1r biztos, hogy Esztergomban a szabadt\u00e9ri szentmis\u00e9t az <strong><a href=\"https:\/\/fsspx.hu\" target=\"_blank\" rel=\"noopener\">FSSPX<\/a><\/strong> papja fogja bemutatni hagyom\u00e1nyos tridenti r\u00edtusban, ez\u00e9rt <span style=\"text-decoration: underline;\">az FSSPX budapesti Patrona Hungariae k\u00e1poln\u00e1j\u00e1ban (XIV. ker. Th\u00f6k\u00f6ly \u00fat 116.) szeptember 3.-n szombat este nem lesz szentmise<\/span>. Helyette a zar\u00e1ndoklatra v\u00e1rjuk a szok\u00e1sosan odaj\u00e1r\u00f3 h\u00edveket is.<\/p>\n","protected":false},"excerpt":{"rendered":"<p>Tisztelt l\u00e1togat\u00f3, Ez\u00faton t\u00e1j\u00e9koztatunk, hogy id\u00e9n is megtartjuk a &#8211; most m\u00e1r hagyom\u00e1nyosnak mondhat\u00f3 &#8211; gyalogos Mindszenty zar\u00e1ndoklatunkat. Gyalogos zar\u00e1ndoklatunk c\u00e9lja, \u00e9s a szentmise Intentioja, hogy a b\u00edboros urat min\u00e9l hamarabb boldogg\u00e1, majd szent\u00e9 avassa az Anyaszentegyh\u00e1z. V\u00e9glegesedett a szervez\u00e9s. Felh\u00edv\u00e1sunk ITT \u00e9rhet\u0151 el. A zar\u00e1ndoklat id\u0151pontv\u00e1laszt\u00e1sa, teh\u00e1t a k\u00f6vetkez\u0151kben l\u00e1tszik &#8211; minden \u00e9vben szeptember [&hellip;]<\/p>\n","protected":false},"author":3,"featured_media":0,"parent":0,"menu_order":0,"comment_status":"closed","ping_status":"closed","template":"","meta":{"h5ap_radio_sources":[],"footnotes":""},"class_list":["post-3781","page","type-page","status-publish","hentry"],"_links":{"self":[{"href":"https:\/\/actio-catholica.hu\/index.php\/wp-json\/wp\/v2\/pages\/3781","targetHints":{"allow":["GET"]}}],"collection":[{"href":"https:\/\/actio-catholica.hu\/index.php\/wp-json\/wp\/v2\/pages"}],"about":[{"href":"https:\/\/actio-catholica.hu\/index.php\/wp-json\/wp\/v2\/types\/page"}],"author":[{"embeddable":true,"href":"https:\/\/actio-catholica.hu\/index.php\/wp-json\/wp\/v2\/users\/3"}],"replies":[{"embeddable":true,"href":"https:\/\/actio-catholica.hu\/index.php\/wp-json\/wp\/v2\/comments?post=3781"}],"version-history":[{"count":4,"href":"https:\/\/actio-catholica.hu\/index.php\/wp-json\/wp\/v2\/pages\/3781\/revisions"}],"predecessor-version":[{"id":3801,"href":"https:\/\/actio-catholica.hu\/index.php\/wp-json\/wp\/v2\/pages\/3781\/revisions\/3801"}],"wp:attachment":[{"href":"https:\/\/actio-catholica.hu\/index.php\/wp-json\/wp\/v2\/media?parent=3781"}],"curies":[{"name":"wp","href":"https:\/\/api.w.org\/{rel}","templated":true}]}}

Mindszenty zarándoklat &#8217;47 &#8211; 2022

<h2>Tisztelt látogató,</h2>
<p style="text-align: justify;"><img loading="lazy" decoding="async" class="alignright size-medium wp-image-3488" src="https://actio-catholica.hu/wp-content/uploads/2021/12/Mindszenty-300x219.jpg" alt="" width="300" height="219" srcset="https://actio-catholica.hu/wp-content/uploads/2021/12/Mindszenty-300x219.jpg 300w, https://actio-catholica.hu/wp-content/uploads/2021/12/Mindszenty-768x561.jpg 768w, https://actio-catholica.hu/wp-content/uploads/2021/12/Mindszenty.jpg 850w" sizes="auto, (max-width: 300px) 100vw, 300px" />Ezúton tájékoztatunk, hogy idén is megtartjuk a &#8211; most már hagyományosnak mondható &#8211; gyalogos Mindszenty zarándoklatunkat. Gyalogos zarándoklatunk célja, és a szentmise Intentioja, hogy a bíboros urat minél hamarabb boldoggá, majd szenté avassa az Anyaszentegyház.</p>
<h3 style="text-align: center;">Véglegesedett a szervezés. Felhívásunk <a href="https://actio-catholica.hu/index.php/2022/08/04/mindszenty-47-gyalogos-zarandoklat/" target="_blank" rel="noopener">ITT</a> érhető el.</h3>
<p style="text-align: justify;">A zarándoklat időpontválasztása, tehát a következőkben látszik &#8211; minden évben szeptember első szombatja. Azért választottuk a szeptember elejét, mert a hagyományos  1960-s szentmise rubrikák szerint  szeptember 2. Szent István király ünnepe, míg szeptember 3. pedig Szent X. Piusz pápa ünnepe. Mind a két szent nagyon fontos a katolikus hit szempontjából, mert Szent István a katolikus hitet adta a magyarságnak (és védelmezte azt a küldő behatásokkal szemben), míg Szent X. Piusz pápa pedig a katolikus hitet védelmezte a modernistákkal szemben.</p>
<p style="text-align: justify;">A zarándoklatot először 2020. szeptember 5.-n tartottuk meg Bercel -&gt; Felsőpetény útvonalon, majd a felsőpetényi Almássy kastély előtt szentmisével zártuk.</p>
<p style="text-align: justify;">A második zarándoklatot 2021. szeptember 4.- szerveztük meg hasonlóan az előző évi zarándoklati céllal, azaz Felsőpetény, és az Almássy kastély előtti szentmisével zárva. Viszont új kiindulási pontról indult a gyalogos menet: Magyarnándorról.</p>
<p>A harmadik zarándoklatot 2022. szeptember 3.-n tartjuk és a tervezett útvonala megváltozik.</p>
<ul style="list-style-type: square;">
<li>Kiindulási pont: Pilisszentkereszt, Római-katolikus templom,</li>
<li>Cél: Esztergom, Mindszenty Bíboros Hercegprímás szobra</li>
</ul>
<p style="text-align: center;"><a href="https://actio-catholica.hu/wp-content/uploads/2022/07/Tervezett-utvonal-1.png" data-src="https://actio-catholica.hu/wp-content/uploads/2022/07/Tervezett-utvonal-1.png" data-thumb="https://actio-catholica.hu/wp-content/uploads/2022/07/Tervezett-utvonal-1.png" class="ml-lightbox-enabled"><img loading="lazy" decoding="async" class="alignright wp-image-3783 size-full" src="https://actio-catholica.hu/wp-content/uploads/2022/07/Tervezett-utvonal-1.png" alt="" width="1297" height="925" srcset="https://actio-catholica.hu/wp-content/uploads/2022/07/Tervezett-utvonal-1.png 1297w, https://actio-catholica.hu/wp-content/uploads/2022/07/Tervezett-utvonal-1-300x214.png 300w, https://actio-catholica.hu/wp-content/uploads/2022/07/Tervezett-utvonal-1-1024x730.png 1024w, https://actio-catholica.hu/wp-content/uploads/2022/07/Tervezett-utvonal-1-768x548.png 768w" sizes="auto, (max-width: 1297px) 100vw, 1297px" /></a><strong>Az útvonal végleges állapotban van, de azért javasoljuk, hogy néha látogassa meg ezen oldalunkat, a frissebb, bővebb információkért, az esetleges változásokért.</strong></p>
<p style="text-align: justify;">Ami jelenleg már biztos, hogy Esztergomban a szabadtéri szentmisét az <strong><a href="https://fsspx.hu" target="_blank" rel="noopener">FSSPX</a></strong> papja fogja bemutatni hagyományos tridenti rítusban, ezért <span style="text-decoration: underline;">az FSSPX budapesti Patrona Hungariae kápolnájában (XIV. ker. Thököly út 116.) szeptember 3.-n szombat este nem lesz szentmise</span>. Helyette a zarándoklatra várjuk a szokásosan odajáró híveket is.</p>

<p>Tisztelt látogató, Ezúton tájékoztatunk, hogy idén is megtartjuk a &#8211; most már hagyományosnak mondható &#8211; gyalogos Mindszenty zarándoklatunkat. Gyalogos zarándoklatunk célja, és a szentmise Intentioja, hogy a bíboros urat minél hamarabb boldoggá, majd szenté avassa az Anyaszentegyház. Véglegesedett a szervezés. Felhívásunk ITT érhető el. A zarándoklat időpontválasztása, tehát a következőkben látszik &#8211; minden évben szeptember [&hellip;]</p>
