{"id":6623,"date":"2023-07-29T08:54:03","date_gmt":"2023-07-29T06:54:03","guid":{"rendered":"https:\/\/actio-catholica.hu\/?page_id=6623"},"modified":"2023-07-29T09:04:44","modified_gmt":"2023-07-29T07:04:44","slug":"rozsafuzer-kormenetek","status":"publish","type":"page","link":"https:\/\/actio-catholica.hu\/index.php\/rozsafuzer-kormenetek\/","title":{"rendered":"R\u00f3zsaf\u00fcz\u00e9r k\u00f6rmenetek"},"content":{"rendered":"<h1 style=\"text-align: center;\"><strong>Itt adunk h\u00edrt minden R\u00f3zsaf\u00fcz\u00e9r k\u00f6rmenetr\u0151l<\/strong><\/h1>\n<table style=\"width: 100%; border-collapse: collapse; border-style: none;\">\n<tbody>\n<tr>\n<td style=\"width: 50%; text-align: center; border-style: none;\">\n<h3><strong>Budapest, Budai v\u00e1r, Kapisztr\u00e1n t\u00e9r<\/strong><\/h3>\n<\/td>\n<td style=\"width: 50%; text-align: center; border-style: none;\">\u00a0<\/td>\n<\/tr>\n<tr>\n<td style=\"width: 50%; text-align: center; border-style: none;\"><img loading=\"lazy\" decoding=\"async\" class=\"aligncenter size-full wp-image-6622\" src=\"https:\/\/actio-catholica.hu\/wp-content\/uploads\/2023\/07\/photo_2023-07-21_19-02-02.jpg\" alt=\"\" width=\"564\" height=\"962\" srcset=\"https:\/\/actio-catholica.hu\/wp-content\/uploads\/2023\/07\/photo_2023-07-21_19-02-02.jpg 564w, https:\/\/actio-catholica.hu\/wp-content\/uploads\/2023\/07\/photo_2023-07-21_19-02-02-176x300.jpg 176w\" sizes=\"auto, (max-width: 564px) 100vw, 564px\" \/><\/td>\n<td style=\"width: 50%; text-align: center; border-style: none;\">\u00a0<\/td>\n<\/tr>\n<tr>\n<td style=\"width: 50%; text-align: center; border-style: none;\">\u00a0<\/td>\n<td style=\"width: 50%; text-align: center; border-style: none;\">\u00a0<\/td>\n<\/tr>\n<tr>\n<td style=\"width: 50%; text-align: center; border-style: none;\">\u00a0<\/td>\n<td style=\"width: 50%; text-align: center; border-style: none;\">\u00a0<\/td>\n<\/tr>\n<tr>\n<td style=\"width: 50%; text-align: center; border-style: none;\">\u00a0<\/td>\n<td style=\"width: 50%; text-align: center; border-style: none;\">\u00a0<\/td>\n<\/tr>\n<tr>\n<td style=\"width: 50%; text-align: center; border-style: none;\">\u00a0<\/td>\n<td style=\"width: 50%; text-align: center; border-style: none;\">\u00a0<\/td>\n<\/tr>\n<tr>\n<td style=\"width: 50%; text-align: center; border-style: none;\">\u00a0<\/td>\n<td style=\"width: 50%; text-align: center; border-style: none;\">\u00a0<\/td>\n<\/tr>\n<tr>\n<td style=\"width: 50%; text-align: center; border-style: none;\">\u00a0<\/td>\n<td style=\"width: 50%; text-align: center; border-style: none;\">\u00a0<\/td>\n<\/tr>\n<tr>\n<td style=\"width: 50%; text-align: center; border-style: none;\">\u00a0<\/td>\n<td style=\"width: 50%; text-align: center; border-style: none;\">\u00a0<\/td>\n<\/tr>\n<tr>\n<td style=\"width: 50%; text-align: center; border-style: none;\">\u00a0<\/td>\n<td style=\"width: 50%; text-align: center; border-style: none;\">\u00a0<\/td>\n<\/tr>\n<\/tbody>\n<\/table>\n","protected":false},"excerpt":{"rendered":"<p>Itt adunk h\u00edrt minden R\u00f3zsaf\u00fcz\u00e9r k\u00f6rmenetr\u0151l Budapest, Budai v\u00e1r, Kapisztr\u00e1n t\u00e9r \u00a0 \u00a0 \u00a0 \u00a0 \u00a0 \u00a0 \u00a0 \u00a0 \u00a0 \u00a0 \u00a0 \u00a0 \u00a0 \u00a0 \u00a0 \u00a0 \u00a0 \u00a0<\/p>\n","protected":false},"author":3,"featured_media":0,"parent":0,"menu_order":0,"comment_status":"closed","ping_status":"closed","template":"","meta":{"h5ap_radio_sources":[],"footnotes":""},"class_list":["post-6623","page","type-page","status-publish","hentry"],"_links":{"self":[{"href":"https:\/\/actio-catholica.hu\/index.php\/wp-json\/wp\/v2\/pages\/6623","targetHints":{"allow":["GET"]}}],"collection":[{"href":"https:\/\/actio-catholica.hu\/index.php\/wp-json\/wp\/v2\/pages"}],"about":[{"href":"https:\/\/actio-catholica.hu\/index.php\/wp-json\/wp\/v2\/types\/page"}],"author":[{"embeddable":true,"href":"https:\/\/actio-catholica.hu\/index.php\/wp-json\/wp\/v2\/users\/3"}],"replies":[{"embeddable":true,"href":"https:\/\/actio-catholica.hu\/index.php\/wp-json\/wp\/v2\/comments?post=6623"}],"version-history":[{"count":3,"href":"https:\/\/actio-catholica.hu\/index.php\/wp-json\/wp\/v2\/pages\/6623\/revisions"}],"predecessor-version":[{"id":6629,"href":"https:\/\/actio-catholica.hu\/index.php\/wp-json\/wp\/v2\/pages\/6623\/revisions\/6629"}],"wp:attachment":[{"href":"https:\/\/actio-catholica.hu\/index.php\/wp-json\/wp\/v2\/media?parent=6623"}],"curies":[{"name":"wp","href":"https:\/\/api.w.org\/{rel}","templated":true}]}}