{"id":7086,"date":"2025-10-23T10:03:01","date_gmt":"2025-10-23T08:03:01","guid":{"rendered":"https:\/\/actio-catholica.hu\/?page_id=7086"},"modified":"2025-10-23T10:11:45","modified_gmt":"2025-10-23T08:11:45","slug":"pihenteto-szovegek","status":"publish","type":"page","link":"https:\/\/actio-catholica.hu\/index.php\/pihenteto-szovegek\/","title":{"rendered":"Pihentet\u0151 sz\u00f6vegek"},"content":{"rendered":"<h1 dir=\"auto\" style=\"text-align: center;\"><strong>Egy kis pihentet\u0151 az iskolai k\u00e9pz\u00e9s eredm\u00e9nyeib\u0151l \u00e9s a di\u00e1ki fogalmaz\u00e1s lelem\u00e9nyeib\u0151l:<\/strong><img loading=\"lazy\" decoding=\"async\" class=\"aligncenter size-large wp-image-7087\" src=\"https:\/\/actio-catholica.hu\/wp-content\/uploads\/2025\/10\/Nevetes-a-tanteremben-1024x683.png\" alt=\"\" width=\"844\" height=\"563\" srcset=\"https:\/\/actio-catholica.hu\/wp-content\/uploads\/2025\/10\/Nevetes-a-tanteremben-1024x683.png 1024w, https:\/\/actio-catholica.hu\/wp-content\/uploads\/2025\/10\/Nevetes-a-tanteremben-300x200.png 300w, https:\/\/actio-catholica.hu\/wp-content\/uploads\/2025\/10\/Nevetes-a-tanteremben-768x512.png 768w, https:\/\/actio-catholica.hu\/wp-content\/uploads\/2025\/10\/Nevetes-a-tanteremben.png 1536w\" sizes=\"auto, (max-width: 844px) 100vw, 844px\" \/>A k\u00e9pet mesters\u00e9ges intelligencia gener\u00e1lta<\/h1>\n<ol>\n<li dir=\"auto\"><i>A haj\u00f3 j\u00e9ghegynek \u00fctk\u00f6z\u00f6tt \u00e9s els\u00fcllyedt a Duna k\u00f6zep\u00e9n. Innen gyalog folytatt\u00e1k \u00fatjukat.<\/i><\/li>\n<li dir=\"auto\"><i>Am\u00edg Mad\u00e1ch a b\u00f6rt\u00f6nben s\u00ednyl\u0151d\u00f6tt, feles\u00e9ge roml\u00e1snak indult.<\/i><\/li>\n<li dir=\"auto\"><i>A janics\u00e1rok felmentek Bud\u00e1ra, elszaporodtak \u00e9s elfoglalt\u00e1k a v\u00e1rat.<\/i><\/li>\n<li dir=\"auto\"><i>IV. B\u00e9la a tat\u00e1rj\u00e1r\u00e1s ut\u00e1n a kihalt n\u00e9p p\u00f3tl\u00e1s\u00e1r\u00f3l szem\u00e9lyesen gondoskodott.<\/i><\/li>\n<li dir=\"auto\"><i>IV. B\u00e9la v\u00e1rromokat \u00e9p\u00edtett.<\/i><\/li>\n<li dir=\"auto\"><i>A h\u0151s v\u00e1rkaton\u00e1k \u00e1ltal\u00e1ban nem \u00e9rt\u00e9k meg a hal\u00e1luk napj\u00e1t, mert m\u00e1r kor\u00e1bban elestek a csat\u00e1ban.<\/i><\/li>\n<li dir=\"auto\"><i>Dugovics Titusz h\u00e1ts\u00f3j\u00e1t a falnak t\u00e1masztotta, \u00e9s azon felm\u00e1szott.<\/i><\/li>\n<li dir=\"auto\"><i>A sz\u00e1zadfordul\u00f3n Ady term\u00e9keny\u00edtette meg a tud\u00f3sokat.<\/i><\/li>\n<li dir=\"auto\"><i>Radn\u00f3ti Mikl\u00f3s fasiszta \u00e9p\u00edt\u0151t\u00e1borban halt meg.<\/i><\/li>\n<li dir=\"auto\"><i>M\u00f3ricz Zsigmond k\u00e9s\u0151bb megn\u0151s\u00fcl, \u00e9s elveszi a feles\u00e9g\u00e9t.<\/i><\/li>\n<li dir=\"auto\"><i>A n\u00e9ma Katrin hallgatag lett&#8230;,<\/i><\/li>\n<li dir=\"auto\"><i>Arany J\u00e1nos 1817-t\u00f3l 1822-ig sz\u00fcletett.<\/i><\/li>\n<li dir=\"auto\"><i>A Hunyadi L\u00e1szl\u00f3 olyan ballada, amelyben a f\u0151h\u0151st feldolgozz\u00e1k.<\/i><\/li>\n<li dir=\"auto\"><i>R\u00e1k\u00f3czi Ferenc \u00fagy halt meg, hogy belefulladt a Rodost\u00f3ba.<\/i><\/li>\n<li dir=\"auto\"><i>Arany J\u00e1nos velszi b\u00e1rdokkal s\u00fajtott le a Habsburg-h\u00e1zra..<\/i><\/li>\n<li dir=\"auto\"><i>Leonardo da Vinci k\u00e9t olasz f\u00f6ldbirtokos volt a k\u00f6z\u00e9pkorban.<\/i><\/li>\n<li dir=\"auto\"><i>Zr\u00ednyi Mikl\u00f3st a b\u00e9csi kamara \u00e1ltal felt\u00fczelt vadkan \u00f6lte meg..<\/i><\/li>\n<li dir=\"auto\"><i>Pet\u0151fi egy szeg\u00e9ny csel\u00e9dl\u00e1ny \u00e9s a magyar n\u00e9p fia.<\/i><\/li>\n<li dir=\"auto\"><i>Pet\u0151fi mindent megtenne a nemzet \u00e9rdek\u00e9ben, csakhogy \u0151 is h\u0151si halott legyen.<\/i><\/li>\n<li dir=\"auto\"><i>Pet\u0151fi \u00fagy rohant a csat\u00e1ba, hogy jobb kez\u00e9ben a vers, bal kez\u00e9ben pedig a kard volt<\/i><\/li>\n<li dir=\"auto\"><i>K\u00f6lcsey 1815. janu\u00e1rj\u00e1t\u00f3l 1816. tavasz\u00e1ig nem \u00edrt verset. Ebb\u0151l az id\u0151szakb\u00f3l 3 verse maradt r\u00e1nk.<\/i><\/li>\n<li dir=\"auto\"><i>Zr\u00ednyinek csak f\u00e9l szeme volt, \u00e1m ez nagyon zavarta a csat\u00e1kban.<\/i><\/li>\n<li dir=\"auto\"><i>A katon\u00e1k \u00e9let\u00fcket \u00e9s hal\u00e1lukat kock\u00e1ztatt\u00e1k.<\/i><\/li>\n<li dir=\"auto\"><i>A h\u0151s holtan esett \u00f6ssze. Nagyon sajn\u00e1lta, de akkor m\u00e1r nem volt mit tenni.<\/i><\/li>\n<li dir=\"auto\"><i>A v\u00edz oxig\u00e9nb\u0151l \u00e9s folyad\u00e9kb\u00f3l \u00e1ll.<\/i><\/li>\n<li dir=\"auto\"><i>A mocs\u00e1ri v\u00e9sz 1526-ban volt.<\/i><\/li>\n<li dir=\"auto\"><i>A Szent Jobb Istv\u00e1n kir\u00e1ly bal keze.<\/i><\/li>\n<li dir=\"auto\"><i>Janus Pannonius 15 \u00e9ves kor\u00e1ban elterjedt Eur\u00f3p\u00e1ban.<\/i><\/li>\n<li dir=\"auto\"><i>Szem\u00fcnk k\u00f6zep\u00e9n van egy ny\u00edl\u00e1s, amely mindenkinek fekete, mivel a fej\u00fcnk bel\u00fcl s\u00f6t\u00e9t.<\/i><\/li>\n<li dir=\"auto\"><i>A f\u00f6n\u00edciaiak kereskedtek \u00e9s iparkodtak.<\/i><\/li>\n<li dir=\"auto\"><i>A gesztenyes\u00fct\u00f6get\u0151 n\u00e9ni ki\u00e1ll a sarokra, \u00e9s odacsalogatja az embereket a szag\u00e1val.<\/i><\/li>\n<li dir=\"auto\"><i>Ar\u00e1bi\u00e1ban a vizet cisztercit\u00e1kban gy\u0171jtik.<\/i><\/li>\n<li dir=\"auto\"><i>Sok r\u00e9gi k\u0151zetben megtal\u00e1lhat\u00f3ak az \u0151skori halak l\u00e1bnyomai.<\/i><\/li>\n<li dir=\"auto\"><i>D\u00f6br\u00f6gi a harmadik levon\u00e1sban k\u00e9t p\u00fappal gyarapodik.<\/i><\/li>\n<li dir=\"auto\"><i>A k\u00f6z\u00e9pkorban a v\u00e1rakat katakomb\u00e1kkal l\u0151tt\u00e9k.<\/i><\/li>\n<li dir=\"auto\"><i>Kanada ter\u00fclete egyenl\u0151 Eur\u00f3pa lakoss\u00e1g\u00e1val..<\/i><\/li>\n<li dir=\"auto\"><i>A kenguru kicsinye f\u00e9szeklak\u00f3.<\/i><\/li>\n<li dir=\"auto\"><i>A m\u00e9nes egy nagy l\u00f3csom\u00f3.<\/i><\/li>\n<li dir=\"auto\"><i>Toldi a cs\u00f3nak fel\u00e9 indult, mikor a cseh vit\u00e9z el\u0151vette a kardj\u00e1t \u00e9s majdnem lel\u0151tte Toldi Mikl\u00f3st, \u0151 azonban \u00e9szrevette a fondorlatos tervet.<\/i><\/li>\n<li dir=\"auto\"><i>Boldog Margit az er\u00e9ny \u00fatj\u00e1t k\u00f6vette. \u00c1rtatlan \u00e9let\u00e9t \u00e9s els\u0151sz\u00fcl\u00f6tt gyermek\u00e9t az \u00darnak aj\u00e1nlotta.<\/i><\/li>\n<li dir=\"auto\"><i>Szulim\u00e1nt a szigeti ostromn\u00e1l meg\u00f6lt\u00e9k, ez\u00e9rt egyel\u0151re felhagyott azzal a sz\u00e1nd\u00e9k\u00e1val, hogy Magyarorsz\u00e1got megh\u00f3d\u00edtsa.<\/i><\/li>\n<li dir=\"auto\"><i>Kolumbusz h\u00e1romszor indult \u00fatnak, b\u00e1r a m\u00e1sodik \u00fatj\u00e1n meghalt.<\/i><\/li>\n<li dir=\"auto\"><i>Az \u0151serd\u0151 olyan ter\u00fclet, ahova emberi k\u00e9z m\u00e9g nem tette be a l\u00e1b\u00e1t.<\/i><\/li>\n<li dir=\"auto\"><i>Zr\u00ednyit a b\u00e9csi kamarilla \u00e1ltal felb\u00e9relt \u00f3lmozott vadkan \u00f6lte meg.<\/i><\/li>\n<li dir=\"auto\"><i>Lincoln anyja m\u00e1r csecsem\u0151 kor\u00e1ban meghalt.<\/i><\/li>\n<li dir=\"auto\"><i>\u00c9s akkor a k\u00f6lt\u0151 meg\u00edrta a Szundi k\u00e9t apr\u00f3dja c\u00edm\u0171 verset.<\/i><\/li>\n<li dir=\"auto\"><i>Julius Ceasart a m\u00e1rciusi Idusok \u00f6lt\u00e9k meg.<\/i><\/li>\n<li dir=\"auto\"><i>Egyiptom \u0151slak\u00f3i a m\u00fami\u00e1k.<\/i><\/li>\n<li dir=\"auto\"><i>A Magna Charta Libertatum kimondta, hogy ugyanaz\u00e9rt a b\u0171n\u00e9rt senkit nem lehet k\u00e9tszer meg\u00f6lni.<\/i><\/li>\n<li dir=\"auto\"><i>A kutat\u00f3k az \u0151shaz\u00e1ban megtal\u00e1ltak az \u0151smagyarok h\u00e1trahagyott r\u00e9szeit.<\/i><\/li>\n<li dir=\"auto\"><i>A Bibli\u00e1t Guttenberg tal\u00e1lta fel.<\/i><\/li>\n<li dir=\"auto\"><i>Anonymus III. B\u00e9la n\u00e9vtelen jegyese volt.<\/i><\/li>\n<li dir=\"auto\"><i>A XVIII. sz\u00e1zadi f\u0151urak palotakertjei tele voltak sz\u00e9pen ny\u00edrt\u00a0<\/i><i>sz\u00f6k\u0151kutakkal<\/i><\/li>\n<li dir=\"auto\"><i>A k\u00f6z\u00e9pkor\u00fa lovagok a lovagi torn\u00e1kon mindig egy h\u00f6lgyet t\u0171ztek maguk el\u00e9.<\/i><\/li>\n<li dir=\"auto\"><i>A nemzetis\u00e9gi iskol\u00e1kba t\u00f6bb ajk\u00fa di\u00e1kok j\u00e1rnak.<\/i><\/li>\n<li dir=\"auto\"><i>Ny\u00e1ron n\u0151 a kalapos gomba, t\u00e9len a kucsmagomba.<\/i><\/li>\n<li dir=\"auto\"><i>Villon f\u0151 m\u0171ve az \u00d3testamentum.<\/i><\/li>\n<li dir=\"auto\"><i>A g\u00f6r\u00f6g \u00e1b\u00e9c\u00e9 kezdete: alfa, b\u00e9ta, c\u00e9da&#8230;<\/i><\/li>\n<li dir=\"auto\"><i>II. J\u00f3zsef, a vaskalapos kir\u00e1ly M\u00e1ria \u00e9s Ter\u00e9zia fia volt.<\/i><\/li>\n<li dir=\"auto\"><i>A fecske egy k\u00f6lt\u00f6z\u0151 mad\u00e1r olyan, mint a g\u00f3lya, csak sokkal kisebb \u00e9s nem hasonl\u00edt r\u00e1.<\/i><\/li>\n<li dir=\"auto\"><i>Barbarossa sereg\u00e9ben kit\u00f6rt a pestis, amely el\u0151l maga a cs\u00e1sz\u00e1r is csak \u00e1lruh\u00e1ban tudott menek\u00fclni.<\/i><\/li>\n<li dir=\"auto\"><i>Ady Boncza Bertalant vette feles\u00e9g\u00fcl.<\/i><\/li>\n<li dir=\"auto\"><i>Bombay \u00e9ghajlata olyan eg\u00e9szs\u00e9gtelen, hogy lakosai m\u00e1shol laknak.<\/i><\/li>\n<li dir=\"auto\"><i>A k\u0151olajat k\u00f6vekb\u0151l sajtolt\u00e1k.<\/i><\/li>\n<li dir=\"auto\"><i>E\u00f6tv\u00f6s J\u00f3zsef t\u00f6bbek k\u00f6z\u00f6tt Bud\u00e1n sz\u00fcletett.<\/i><\/li>\n<li dir=\"auto\"><i>Csapad\u00e9kfajta: lisztharmat.<\/i><\/li>\n<li dir=\"auto\"><i>A c\u00e1pa jellemz\u00e9se: Embert nem eszik, de nem lehet benne b\u00edzni<\/i><\/li>\n<\/ol>\n<p style=\"text-align: right;\"><strong>Nagy Be\u00e1ta tan\u00e1rn\u0151 gy\u0171jt\u00e9se<\/strong><\/p>\n<div dir=\"auto\">Forr\u00e1s: email<\/div>\n","protected":false},"excerpt":{"rendered":"<p>Egy kis pihentet\u0151 az iskolai k\u00e9pz\u00e9s eredm\u00e9nyeib\u0151l \u00e9s a di\u00e1ki fogalmaz\u00e1s lelem\u00e9nyeib\u0151l:A k\u00e9pet mesters\u00e9ges intelligencia gener\u00e1lta A haj\u00f3 j\u00e9ghegynek \u00fctk\u00f6z\u00f6tt \u00e9s els\u00fcllyedt a Duna k\u00f6zep\u00e9n. Innen gyalog folytatt\u00e1k \u00fatjukat. Am\u00edg Mad\u00e1ch a b\u00f6rt\u00f6nben s\u00ednyl\u0151d\u00f6tt, feles\u00e9ge roml\u00e1snak indult. A janics\u00e1rok felmentek Bud\u00e1ra, elszaporodtak \u00e9s elfoglalt\u00e1k a v\u00e1rat. IV. B\u00e9la a tat\u00e1rj\u00e1r\u00e1s ut\u00e1n a kihalt n\u00e9p p\u00f3tl\u00e1s\u00e1r\u00f3l [&hellip;]<\/p>\n","protected":false},"author":3,"featured_media":0,"parent":0,"menu_order":0,"comment_status":"closed","ping_status":"closed","template":"","meta":{"h5ap_radio_sources":[],"footnotes":""},"class_list":["post-7086","page","type-page","status-publish","hentry"],"_links":{"self":[{"href":"https:\/\/actio-catholica.hu\/index.php\/wp-json\/wp\/v2\/pages\/7086","targetHints":{"allow":["GET"]}}],"collection":[{"href":"https:\/\/actio-catholica.hu\/index.php\/wp-json\/wp\/v2\/pages"}],"about":[{"href":"https:\/\/actio-catholica.hu\/index.php\/wp-json\/wp\/v2\/types\/page"}],"author":[{"embeddable":true,"href":"https:\/\/actio-catholica.hu\/index.php\/wp-json\/wp\/v2\/users\/3"}],"replies":[{"embeddable":true,"href":"https:\/\/actio-catholica.hu\/index.php\/wp-json\/wp\/v2\/comments?post=7086"}],"version-history":[{"count":3,"href":"https:\/\/actio-catholica.hu\/index.php\/wp-json\/wp\/v2\/pages\/7086\/revisions"}],"predecessor-version":[{"id":7091,"href":"https:\/\/actio-catholica.hu\/index.php\/wp-json\/wp\/v2\/pages\/7086\/revisions\/7091"}],"wp:attachment":[{"href":"https:\/\/actio-catholica.hu\/index.php\/wp-json\/wp\/v2\/media?parent=7086"}],"curies":[{"name":"wp","href":"https:\/\/api.w.org\/{rel}","templated":true}]}}