{"id":7438,"date":"2026-05-11T17:48:24","date_gmt":"2026-05-11T15:48:24","guid":{"rendered":"https:\/\/actio-catholica.hu\/?page_id=7438"},"modified":"2026-05-11T17:48:24","modified_gmt":"2026-05-11T15:48:24","slug":"tanitasok","status":"publish","type":"page","link":"https:\/\/actio-catholica.hu\/index.php\/tanitasok\/","title":{"rendered":"Tan\u00edt\u00e1sok"},"content":{"rendered":"<h3 class=\"post-title entry-title\"><a href=\"https:\/\/actio-catholica.hu\/index.php\/teremtes-vagy-evolucio\/\" rel=\"bookmark\">Teremt\u00e9s vagy evol\u00faci\u00f3<\/a><\/h3>\n<h3 class=\"post-title entry-title\"><a href=\"https:\/\/actio-catholica.hu\/index.php\/medjugorje-velemenyunk-rola\/\" rel=\"bookmark\">Medjugorje \u2013 V\u00e9lem\u00e9ny\u00fcnk r\u00f3la<\/a><\/h3>\n<h3 class=\"post-title entry-title\"><a href=\"https:\/\/actio-catholica.hu\/index.php\/eretneksegek-a-neo-katekumenatus-tanitasaban\/\" rel=\"bookmark\">Eretneks\u00e9gek a neo-katekumen\u00e1tus tan\u00edt\u00e1s\u00e1ban<\/a><\/h3>\n<h3 class=\"post-title entry-title\"><a href=\"https:\/\/actio-catholica.hu\/index.php\/demonok-es-jelenesek-megkulonboztetese\/\" rel=\"bookmark\">D\u00e9monok \u00e9s jelen\u00e9sek megk\u00fcl\u00f6nb\u00f6ztet\u00e9se<\/a><\/h3>\n<h3 class=\"post-title entry-title\"><a href=\"https:\/\/actio-catholica.hu\/index.php\/ai-mi\/\" rel=\"bookmark\">AI\/MI<\/a><\/h3>\n<h3 class=\"post-title entry-title\"><a href=\"https:\/\/actio-catholica.hu\/index.php\/kardinal-mindszenty-zarandoklatok-szentbeszedei-2020\/\" rel=\"bookmark\">Kardin\u00e1l Mindszenty zar\u00e1ndoklatok szentbesz\u00e9dei [2020-]<\/a><\/h3>\n<p>&nbsp;<\/p>\n<p>&nbsp;<\/p>\n","protected":false},"excerpt":{"rendered":"<p>Teremt\u00e9s vagy evol\u00faci\u00f3 Medjugorje \u2013 V\u00e9lem\u00e9ny\u00fcnk r\u00f3la Eretneks\u00e9gek a neo-katekumen\u00e1tus tan\u00edt\u00e1s\u00e1ban D\u00e9monok \u00e9s jelen\u00e9sek megk\u00fcl\u00f6nb\u00f6ztet\u00e9se AI\/MI Kardin\u00e1l Mindszenty zar\u00e1ndoklatok szentbesz\u00e9dei [2020-] &nbsp; &nbsp;<\/p>\n","protected":false},"author":7,"featured_media":0,"parent":0,"menu_order":0,"comment_status":"closed","ping_status":"closed","template":"","meta":{"h5ap_radio_sources":[],"footnotes":""},"class_list":["post-7438","page","type-page","status-publish","hentry"],"_links":{"self":[{"href":"https:\/\/actio-catholica.hu\/index.php\/wp-json\/wp\/v2\/pages\/7438","targetHints":{"allow":["GET"]}}],"collection":[{"href":"https:\/\/actio-catholica.hu\/index.php\/wp-json\/wp\/v2\/pages"}],"about":[{"href":"https:\/\/actio-catholica.hu\/index.php\/wp-json\/wp\/v2\/types\/page"}],"author":[{"embeddable":true,"href":"https:\/\/actio-catholica.hu\/index.php\/wp-json\/wp\/v2\/users\/7"}],"replies":[{"embeddable":true,"href":"https:\/\/actio-catholica.hu\/index.php\/wp-json\/wp\/v2\/comments?post=7438"}],"version-history":[{"count":1,"href":"https:\/\/actio-catholica.hu\/index.php\/wp-json\/wp\/v2\/pages\/7438\/revisions"}],"predecessor-version":[{"id":7439,"href":"https:\/\/actio-catholica.hu\/index.php\/wp-json\/wp\/v2\/pages\/7438\/revisions\/7439"}],"wp:attachment":[{"href":"https:\/\/actio-catholica.hu\/index.php\/wp-json\/wp\/v2\/media?parent=7438"}],"curies":[{"name":"wp","href":"https:\/\/api.w.org\/{rel}","templated":true}]}}