{"id":780,"date":"2020-02-22T12:00:14","date_gmt":"2020-02-22T11:00:14","guid":{"rendered":"http:\/\/actio-catholica.hu\/?page_id=780"},"modified":"2022-03-09T15:06:08","modified_gmt":"2022-03-09T14:06:08","slug":"1-szja-felajanlas","status":"publish","type":"page","link":"https:\/\/actio-catholica.hu\/index.php\/1-szja-felajanlas\/","title":{"rendered":"1% SZJA felaj\u00e1nl\u00e1s"},"content":{"rendered":"<p style=\"text-align: center;\"><span style=\"font-size: 18pt;\"><strong><img loading=\"lazy\" decoding=\"async\" class=\"alignright  wp-image-2349\" src=\"https:\/\/actio-catholica.hu\/wp-content\/uploads\/2021\/02\/1-nevvel-300x129.jpg\" alt=\"\" width=\"356\" height=\"153\" srcset=\"https:\/\/actio-catholica.hu\/wp-content\/uploads\/2021\/02\/1-nevvel-300x129.jpg 300w, https:\/\/actio-catholica.hu\/wp-content\/uploads\/2021\/02\/1-nevvel.jpg 700w\" sizes=\"auto, (max-width: 356px) 100vw, 356px\" \/>Kedves bar\u00e1tunk, tisztelt ad\u00f3z\u00f3,<\/strong><\/span><\/p>\n<p style=\"text-align: justify;\">Az <strong>Pro Missa Tridentina [k\u00f6zhaszn\u00fa, katolikus, mag\u00e1n] Alap\u00edtv\u00e1ny<\/strong> azzal a k\u00e9r\u00e9ssel fordul hozz\u00e1d\/\u00d6nh\u00f6z, hogy t\u00e1mogassa alap\u00edtv\u00e1nyunkat \u00e9s a Katolikus Egyh\u00e1zat szem\u00e9lyi j\u00f6vedelemad\u00f3ja 1%-nak a felaj\u00e1nl\u00e1s\u00e1val. Ehhez \u00f6nnek annyit kell tenni, hogy az SZJA rendelkez\u0151 nyilatkozat\u00e1t kit\u00f6lti bek\u00fcld\u00e9s ell\u0151tt. Hogy egy klasszikus, sz\u00e1ll\u00f3ig\u00e9v\u00e9 v\u00e1lt mondatot id\u00e9zzek \u00e9s parafraz\u00e1ljak:<\/p>\n<p style=\"text-align: center;\"><span style=\"color: #3366ff; background-color: #ffffff; font-size: 18pt;\">\u201e<strong>Kis l\u00e9p\u00e9s \u00d6NNEK, hatalmas seg\u00edts\u00e9g ALAP\u00cdTV\u00c1NYUNKNAK<\/strong>\u201d.<\/span><\/p>\n<blockquote>\n<p>\u201e<strong>Kis l\u00e9p\u00e9s az embernek, hatalmas ugr\u00e1s az emberis\u00e9gnek<\/strong>\u201d \u2013 ez a sz\u00e1ll\u00f3ig\u00e9v\u00e9 nemes\u00fclt mondat hangzott el, 1969. j\u00falius 20-n Neil Armstrong amerikai \u0171rhaj\u00f3s sz\u00e1j\u00e1b\u00f3l, amikor a F\u00f6ld els\u0151 k\u00fcld\u00f6ttjek\u00e9nt bolyg\u00f3nk \u00e9gi k\u00eds\u00e9r\u0151j\u00e9nek, a Holdnak a felsz\u00edn\u00e9re l\u00e9pett.<\/p>\n<p style=\"text-align: right;\">Forr\u00e1s: <strong><a href=\"https:\/\/mult-kor.hu\/kis-lepes-az-embernek-igy-zajlott-az-elso-holdraszallas-20180720\" target=\"_blank\" rel=\"noopener noreferrer\">origio.hu<\/a><\/strong><\/p>\n<\/blockquote>\n<h2 style=\"text-align: center;\"><span style=\"color: #ff0000;\"><strong>Ne feledje! A bek\u00fcld\u00e9si (post\u00e1ra ad\u00e1si) hat\u00e1rid\u0151 minden \u00e9vben m\u00e1jus 20.-e.<\/strong><\/span><\/h2>\n<p>A k\u00e9pre kattintva teljes m\u00e9retben, <strong>JPG form\u00e1tumban<\/strong> <strong>let\u00f6lthet\u0151<\/strong>, kinyomtathat\u00f3 \u00e9s k\u00e9zzel kit\u00f6lthet\u0151<a href=\"https:\/\/actio-catholica.hu\/wp-content\/uploads\/2021\/02\/20EGYSZA.jpg\" data-src=\"https:\/\/actio-catholica.hu\/wp-content\/uploads\/2021\/02\/20EGYSZA.jpg\" data-thumb=\"https:\/\/actio-catholica.hu\/wp-content\/uploads\/2022\/03\/21EGYSZA.png\" class=\"ml-lightbox-enabled\"><img loading=\"lazy\" decoding=\"async\" class=\"wp-image-3642 size-full aligncenter\" src=\"https:\/\/actio-catholica.hu\/wp-content\/uploads\/2022\/03\/21EGYSZA.png\" alt=\"\" width=\"676\" height=\"913\" srcset=\"https:\/\/actio-catholica.hu\/wp-content\/uploads\/2022\/03\/21EGYSZA.png 676w, https:\/\/actio-catholica.hu\/wp-content\/uploads\/2022\/03\/21EGYSZA-222x300.png 222w\" sizes=\"auto, (max-width: 676px) 100vw, 676px\" \/><\/a>vagy a <strong><a href=\"https:\/\/eszja.nav.gov.hu\" target=\"_blank\" rel=\"noopener noreferrer\">https:\/\/eszja.nav.gov.hu<\/a><\/strong> oldalon:<\/p>\n<h1><a href=\"https:\/\/actio-catholica.hu\/wp-content\/uploads\/2021\/02\/20EGYSZA-Online.png\" data-src=\"https:\/\/actio-catholica.hu\/wp-content\/uploads\/2021\/02\/20EGYSZA-Online.png\" data-thumb=\"https:\/\/actio-catholica.hu\/wp-content\/uploads\/2022\/03\/21eSZJA-rendelkezo-nyilatkozat.png\" class=\"ml-lightbox-enabled\"><img loading=\"lazy\" decoding=\"async\" class=\"wp-image-3643 size-full aligncenter\" src=\"https:\/\/actio-catholica.hu\/wp-content\/uploads\/2022\/03\/21eSZJA-rendelkezo-nyilatkozat.png\" alt=\"\" width=\"640\" height=\"866\" srcset=\"https:\/\/actio-catholica.hu\/wp-content\/uploads\/2022\/03\/21eSZJA-rendelkezo-nyilatkozat.png 640w, https:\/\/actio-catholica.hu\/wp-content\/uploads\/2022\/03\/21eSZJA-rendelkezo-nyilatkozat-222x300.png 222w\" sizes=\"auto, (max-width: 640px) 100vw, 640px\" \/><\/a><\/h1>\n<h1 style=\"text-align: center;\"><strong>K\u00f6sz\u00f6nj\u00fck, hogy minket v\u00e1laszt.<\/strong><\/h1>\n","protected":false},"excerpt":{"rendered":"<p>Kedves bar\u00e1tunk, tisztelt ad\u00f3z\u00f3, Az Pro Missa Tridentina [k\u00f6zhaszn\u00fa, katolikus, mag\u00e1n] Alap\u00edtv\u00e1ny azzal a k\u00e9r\u00e9ssel fordul hozz\u00e1d\/\u00d6nh\u00f6z, hogy t\u00e1mogassa alap\u00edtv\u00e1nyunkat \u00e9s a Katolikus Egyh\u00e1zat szem\u00e9lyi j\u00f6vedelemad\u00f3ja 1%-nak a felaj\u00e1nl\u00e1s\u00e1val. Ehhez&#8230;<\/p>\n","protected":false},"author":3,"featured_media":0,"parent":0,"menu_order":0,"comment_status":"closed","ping_status":"closed","template":"","meta":{"h5ap_radio_sources":[],"footnotes":""},"class_list":["post-780","page","type-page","status-publish","hentry"],"_links":{"self":[{"href":"https:\/\/actio-catholica.hu\/index.php\/wp-json\/wp\/v2\/pages\/780","targetHints":{"allow":["GET"]}}],"collection":[{"href":"https:\/\/actio-catholica.hu\/index.php\/wp-json\/wp\/v2\/pages"}],"about":[{"href":"https:\/\/actio-catholica.hu\/index.php\/wp-json\/wp\/v2\/types\/page"}],"author":[{"embeddable":true,"href":"https:\/\/actio-catholica.hu\/index.php\/wp-json\/wp\/v2\/users\/3"}],"replies":[{"embeddable":true,"href":"https:\/\/actio-catholica.hu\/index.php\/wp-json\/wp\/v2\/comments?post=780"}],"version-history":[{"count":14,"href":"https:\/\/actio-catholica.hu\/index.php\/wp-json\/wp\/v2\/pages\/780\/revisions"}],"predecessor-version":[{"id":2645,"href":"https:\/\/actio-catholica.hu\/index.php\/wp-json\/wp\/v2\/pages\/780\/revisions\/2645"}],"wp:attachment":[{"href":"https:\/\/actio-catholica.hu\/index.php\/wp-json\/wp\/v2\/media?parent=780"}],"curies":[{"name":"wp","href":"https:\/\/api.w.org\/{rel}","templated":true}]}}